CRAN Package Check Results for Package CORM

Last updated on 2021-06-17 23:49:19 CEST.

Flavor Version Tinstall Tcheck Ttotal Status Flags
r-devel-linux-x86_64-debian-clang 1.0.2 6.07 50.91 56.98 NOTE
r-devel-linux-x86_64-debian-gcc 1.0.2 4.13 38.04 42.17 NOTE
r-devel-linux-x86_64-fedora-clang 1.0.2 74.95 NOTE
r-devel-linux-x86_64-fedora-gcc 1.0.2 65.61 NOTE
r-devel-windows-x86_64 1.0.2 8.00 66.00 74.00 NOTE
r-devel-windows-x86_64-gcc10-UCRT 1.0.2 NOTE
r-patched-linux-x86_64 1.0.2 5.49 48.59 54.08 NOTE
r-patched-solaris-x86 1.0.2 93.10 NOTE
r-release-linux-x86_64 1.0.2 4.68 48.50 53.18 NOTE
r-release-macos-arm64 1.0.2 NOTE
r-release-macos-x86_64 1.0.2 NOTE
r-release-windows-ix86+x86_64 1.0.2 9.00 50.00 59.00 NOTE
r-oldrel-macos-x86_64 1.0.2 NOTE
r-oldrel-windows-ix86+x86_64 1.0.2 6.00 68.00 74.00 NOTE

Check Details

Version: 1.0.2
Check: R code for possible problems
Result: NOTE
    compute.llh: no visible global function definition for 'dnorm'
    compute.u.hat.simple: no visible global function definition for 'dnorm'
    fit.CLM.1u.simple.start: no visible global function definition for
     'kmeans'
    fit.CLMM.simple.start: no visible global function definition for
     'kmeans'
    fit.CLMM.simple.start.NA: no visible global function definition for
     'kmeans'
    Undefined global functions or variables:
     dnorm kmeans
    Consider adding
     importFrom("stats", "dnorm", "kmeans")
    to your NAMESPACE file.
Flavors: r-devel-linux-x86_64-debian-clang, r-devel-linux-x86_64-debian-gcc, r-devel-linux-x86_64-fedora-clang, r-devel-linux-x86_64-fedora-gcc, r-devel-windows-x86_64, r-devel-windows-x86_64-gcc10-UCRT, r-patched-linux-x86_64, r-patched-solaris-x86, r-release-linux-x86_64, r-release-macos-arm64, r-release-macos-x86_64, r-release-windows-ix86+x86_64, r-oldrel-macos-x86_64, r-oldrel-windows-ix86+x86_64