CRAN Package Check Results for Package CNprep

Last updated on 2021-06-21 10:52:29 CEST.

Flavor Version Tinstall Tcheck Ttotal Status Flags
r-devel-linux-x86_64-debian-clang 2.0 3.48 36.00 39.48 NOTE
r-devel-linux-x86_64-debian-gcc 2.0 2.68 28.54 31.22 NOTE
r-devel-linux-x86_64-fedora-clang 2.0 55.69 NOTE
r-devel-linux-x86_64-fedora-gcc 2.0 45.82 NOTE
r-devel-windows-x86_64 2.0 5.00 60.00 65.00 NOTE
r-devel-windows-x86_64-gcc10-UCRT 2.0 NOTE
r-patched-linux-x86_64 2.0 3.89 34.91 38.80 NOTE
r-patched-solaris-x86 2.0 82.00 NOTE
r-release-linux-x86_64 2.0 3.42 35.19 38.61 NOTE
r-release-macos-arm64 2.0 NOTE
r-release-macos-x86_64 2.0 NOTE
r-release-windows-ix86+x86_64 2.0 9.00 60.00 69.00 NOTE
r-oldrel-macos-x86_64 2.0 NOTE

Check Details

Version: 2.0
Check: R code for possible problems
Result: NOTE
    CNclusterNcenter: no visible global function definition for 'median'
    CNclusterNcenter: no visible binding for global variable 'var'
    breakIntoGaps: no visible global function definition for 'runif'
    centerprob: no visible global function definition for 'pnorm'
    getz: no visible global function definition for 'predict'
    smad: no visible global function definition for 'mad'
    smedian: no visible global function definition for 'median'
    smedian.sample: no visible global function definition for 'median'
    smedmad: no visible global function definition for 'median'
    smedmad: no visible global function definition for 'mad'
    Undefined global functions or variables:
     mad median pnorm predict runif var
    Consider adding
     importFrom("stats", "mad", "median", "pnorm", "predict", "runif",
     "var")
    to your NAMESPACE file.
Flavors: r-devel-linux-x86_64-debian-clang, r-devel-linux-x86_64-debian-gcc, r-devel-linux-x86_64-fedora-clang, r-devel-linux-x86_64-fedora-gcc, r-devel-windows-x86_64, r-devel-windows-x86_64-gcc10-UCRT, r-patched-linux-x86_64, r-patched-solaris-x86, r-release-linux-x86_64, r-release-macos-arm64, r-release-macos-x86_64, r-release-windows-ix86+x86_64, r-oldrel-macos-x86_64