CRAN Package Check Results for Package CNVRG

Last updated on 2021-06-22 23:50:28 CEST.

Flavor Version Tinstall Tcheck Ttotal Status Flags
r-devel-linux-x86_64-debian-clang 0.2 128.95 98.84 227.79 NOTE
r-devel-linux-x86_64-debian-gcc 0.2 113.08 76.44 189.52 NOTE
r-devel-linux-x86_64-fedora-clang 0.2 306.04 NOTE
r-devel-linux-x86_64-fedora-gcc 0.2 316.14 NOTE
r-devel-windows-x86_64 0.2 151.00 146.00 297.00 NOTE
r-devel-windows-x86_64-gcc10-UCRT 0.2 ERROR
r-patched-linux-x86_64 0.2 122.12 97.06 219.18 NOTE
r-patched-solaris-x86 0.2 338.40 NOTE
r-release-linux-x86_64 0.2 104.61 97.71 202.32 NOTE
r-release-macos-arm64 0.2 NOTE
r-release-macos-x86_64 0.2 NOTE
r-release-windows-ix86+x86_64 0.2 216.00 190.00 406.00 NOTE
r-oldrel-macos-x86_64 0.2 NOTE

Check Details

Version: 0.2
Check: for GNU extensions in Makefiles
Result: NOTE
    GNU make is a SystemRequirements.
Flavors: r-devel-linux-x86_64-debian-clang, r-devel-linux-x86_64-debian-gcc, r-devel-linux-x86_64-fedora-clang, r-devel-linux-x86_64-fedora-gcc, r-devel-windows-x86_64, r-patched-linux-x86_64, r-patched-solaris-x86, r-release-linux-x86_64, r-release-macos-arm64, r-release-macos-x86_64, r-release-windows-ix86+x86_64, r-oldrel-macos-x86_64

Version: 0.2
Check: installed package size
Result: NOTE
     installed size is 30.2Mb
     sub-directories of 1Mb or more:
     libs 29.9Mb
Flavors: r-devel-linux-x86_64-fedora-clang, r-release-macos-arm64, r-release-macos-x86_64, r-oldrel-macos-x86_64

Version: 0.2
Check: dependencies in R code
Result: NOTE
    Namespace in Imports field not imported from: ‘rstantools’
     All declared Imports should be used.
Flavors: r-devel-linux-x86_64-fedora-clang, r-devel-linux-x86_64-fedora-gcc, r-patched-solaris-x86, r-release-macos-arm64, r-release-macos-x86_64, r-oldrel-macos-x86_64

Version: 0.2
Check: package dependencies
Result: ERROR
    Package required but not available: 'rstan'
    
    See section 'The DESCRIPTION file' in the 'Writing R Extensions'
    manual.
Flavor: r-devel-windows-x86_64-gcc10-UCRT