CRAN Package Check Results for Package CIAAWconsensus

Last updated on 2021-06-19 10:51:57 CEST.

Flavor Version Tinstall Tcheck Ttotal Status Flags
r-devel-linux-x86_64-debian-clang 1.3 2.40 34.69 37.09 OK
r-devel-linux-x86_64-debian-gcc 1.3 2.15 27.50 29.65 OK
r-devel-linux-x86_64-fedora-clang 1.3 55.08 NOTE
r-devel-linux-x86_64-fedora-gcc 1.3 44.62 NOTE
r-devel-windows-x86_64 1.3 5.00 40.00 45.00 OK
r-devel-windows-x86_64-gcc10-UCRT 1.3 NOTE
r-patched-linux-x86_64 1.3 2.76 34.05 36.81 OK
r-patched-solaris-x86 1.3 68.50 NOTE
r-release-linux-x86_64 1.3 2.33 34.33 36.66 OK
r-release-macos-arm64 1.3 NOTE
r-release-macos-x86_64 1.3 NOTE
r-release-windows-ix86+x86_64 1.3 6.00 51.00 57.00 OK
r-oldrel-macos-x86_64 1.3 NOTE
r-oldrel-windows-ix86+x86_64 1.3 4.00 52.00 56.00 OK

Check Details

Version: 1.3
Check: dependencies in R code
Result: NOTE
    Namespaces in Imports field not imported from:
     ‘Matrix’ ‘stringr’
     All declared Imports should be used.
Flavors: r-devel-linux-x86_64-fedora-clang, r-devel-linux-x86_64-fedora-gcc, r-devel-windows-x86_64-gcc10-UCRT, r-patched-solaris-x86, r-release-macos-arm64, r-release-macos-x86_64, r-oldrel-macos-x86_64