CRAN Package Check Results for Package CASMAP

Last updated on 2021-06-17 23:49:18 CEST.

Flavor Version Tinstall Tcheck Ttotal Status Flags
r-devel-linux-x86_64-debian-clang 0.6.1 58.14 35.63 93.77 NOTE
r-devel-linux-x86_64-debian-gcc 0.6.1 42.57 28.05 70.62 NOTE
r-devel-linux-x86_64-fedora-clang 0.6.1 166.05 NOTE
r-devel-linux-x86_64-fedora-gcc 0.6.1 122.50 NOTE
r-devel-windows-x86_64 0.6.1 81.00 51.00 132.00 NOTE
r-devel-windows-x86_64-gcc10-UCRT 0.6.1 NOTE
r-patched-linux-x86_64 0.6.1 52.40 34.68 87.08 NOTE
r-patched-solaris-x86 0.6.1 132.10 NOTE
r-release-linux-x86_64 0.6.1 49.24 34.38 83.62 NOTE
r-release-macos-arm64 0.6.1 NOTE
r-release-macos-x86_64 0.6.1 NOTE
r-release-windows-ix86+x86_64 0.6.1 151.00 78.00 229.00 NOTE
r-oldrel-macos-x86_64 0.6.1 NOTE
r-oldrel-windows-ix86+x86_64 0.6.1 121.00 87.00 208.00 OK

Check Details

Version: 0.6.1
Check: LazyData
Result: NOTE
     'LazyData' is specified without a 'data' directory
Flavors: r-devel-linux-x86_64-debian-clang, r-devel-linux-x86_64-debian-gcc, r-devel-linux-x86_64-fedora-clang, r-devel-linux-x86_64-fedora-gcc, r-devel-windows-x86_64, r-devel-windows-x86_64-gcc10-UCRT, r-patched-linux-x86_64, r-patched-solaris-x86, r-release-linux-x86_64, r-release-macos-arm64, r-release-macos-x86_64, r-release-windows-ix86+x86_64

Version: 0.6.1
Check: installed package size
Result: NOTE
     installed size is 5.1Mb
     sub-directories of 1Mb or more:
     libs 4.3Mb
Flavors: r-devel-linux-x86_64-fedora-clang, r-release-macos-arm64, r-release-macos-x86_64, r-oldrel-macos-x86_64