CRAN Package Check Results for Package Buddle

Last updated on 2021-06-17 23:49:18 CEST.

Flavor Version Tinstall Tcheck Ttotal Status Flags
r-devel-linux-x86_64-debian-clang 2.0.1 49.12 33.90 83.02 OK
r-devel-linux-x86_64-debian-gcc 2.0.1 35.96 26.60 62.56 OK
r-devel-linux-x86_64-fedora-clang 2.0.1 119.51 OK
r-devel-linux-x86_64-fedora-gcc 2.0.1 106.29 OK
r-devel-windows-x86_64 2.0.1 58.00 55.00 113.00 OK
r-devel-windows-x86_64-gcc10-UCRT 2.0.1 OK
r-patched-linux-x86_64 2.0.1 43.37 31.73 75.10 OK
r-patched-solaris-x86 2.0.1 119.10 OK
r-release-linux-x86_64 2.0.1 44.22 31.88 76.10 OK
r-release-macos-arm64 2.0.1 NOTE
r-release-macos-x86_64 2.0.1 NOTE
r-release-windows-ix86+x86_64 2.0.1 111.00 61.00 172.00 OK
r-oldrel-macos-x86_64 2.0.1 NOTE
r-oldrel-windows-ix86+x86_64 2.0.1 80.00 78.00 158.00 OK

Check Details

Version: 2.0.1
Check: installed package size
Result: NOTE
     installed size is 5.7Mb
     sub-directories of 1Mb or more:
     libs 5.5Mb
Flavors: r-release-macos-arm64, r-release-macos-x86_64, r-oldrel-macos-x86_64