CRAN Package Check Results for Package BisqueRNA

Last updated on 2021-06-23 10:51:16 CEST.

Flavor Version Tinstall Tcheck Ttotal Status Flags
r-devel-linux-x86_64-debian-clang 1.0.5 3.11 46.87 49.98 OK
r-devel-linux-x86_64-debian-gcc 1.0.5 2.33 34.99 37.32 OK
r-devel-linux-x86_64-fedora-clang 1.0.5 68.15 OK
r-devel-linux-x86_64-fedora-gcc 1.0.5 57.27 OK
r-devel-windows-x86_64 1.0.5 5.00 67.00 72.00 OK
r-devel-windows-x86_64-gcc10-UCRT 1.0.5 NOTE
r-patched-linux-x86_64 1.0.5 2.73 44.86 47.59 OK
r-patched-solaris-x86 1.0.5 82.10 OK
r-release-linux-x86_64 1.0.5 2.87 44.54 47.41 OK
r-release-macos-arm64 1.0.5 OK
r-release-macos-x86_64 1.0.5 OK
r-release-windows-ix86+x86_64 1.0.5 6.00 44.00 50.00 OK
r-oldrel-macos-x86_64 1.0.5 OK

Check Details

Version: 1.0.5
Check: package dependencies
Result: NOTE
    Package suggested but not available for checking: 'Seurat'
Flavor: r-devel-windows-x86_64-gcc10-UCRT