CRAN Package Check Results for Package BiocManager

Last updated on 2021-05-11 23:50:34 CEST.

Flavor Version Tinstall Tcheck Ttotal Status Flags
r-devel-linux-x86_64-debian-clang 1.30.12 2.96 40.32 43.28 OK
r-devel-linux-x86_64-debian-gcc 1.30.14 2.25 29.90 32.15 OK
r-devel-linux-x86_64-fedora-clang 1.30.15 55.71 NOTE
r-devel-linux-x86_64-fedora-gcc 1.30.15 51.76 NOTE
r-devel-windows-ix86+x86_64 1.30.13 8.00 64.00 72.00 OK
r-devel-windows-x86_64-gcc10-UCRT 1.30.13 NOTE
r-patched-linux-x86_64 1.30.14 3.31 38.17 41.48 OK
r-patched-solaris-x86 1.30.15 60.60 OK
r-release-linux-x86_64 1.30.13 2.44 37.84 40.28 OK
r-release-macos-x86_64 1.30.13 OK
r-release-windows-ix86+x86_64 1.30.12 7.00 83.00 90.00 OK
r-oldrel-macos-x86_64 1.30.13 NOTE
r-oldrel-windows-ix86+x86_64 1.30.12 6.00 90.00 96.00 OK

Check Details

Version: 1.30.15
Check: package dependencies
Result: NOTE
    Package suggested but not available for checking: ‘BiocVersion’
Flavors: r-devel-linux-x86_64-fedora-clang, r-devel-linux-x86_64-fedora-gcc

Version: 1.30.13
Check: package dependencies
Result: NOTE
    Package suggested but not available for checking: 'BiocVersion'
Flavors: r-devel-windows-x86_64-gcc10-UCRT, r-oldrel-macos-x86_64