CRAN Package Check Results for Package Bestie

Last updated on 2021-06-21 10:52:26 CEST.

Flavor Version Tinstall Tcheck Ttotal Status Flags
r-devel-linux-x86_64-debian-clang 0.1.2 20.28 31.94 52.22 NOTE
r-devel-linux-x86_64-debian-gcc 0.1.2 11.54 25.10 36.64 NOTE
r-devel-linux-x86_64-fedora-clang 0.1.2 74.68 NOTE
r-devel-linux-x86_64-fedora-gcc 0.1.2 59.35 NOTE
r-devel-windows-x86_64 0.1.2 25.00 60.00 85.00 NOTE
r-devel-windows-x86_64-gcc10-UCRT 0.1.2 ERROR
r-patched-linux-x86_64 0.1.2 15.06 30.92 45.98 NOTE
r-patched-solaris-x86 0.1.2 78.40 NOTE
r-release-linux-x86_64 0.1.2 14.26 31.09 45.35 NOTE
r-release-macos-arm64 0.1.2 ERROR
r-release-macos-x86_64 0.1.2 NOTE
r-release-windows-ix86+x86_64 0.1.2 43.00 58.00 101.00 NOTE
r-oldrel-macos-x86_64 0.1.2 NOTE

Check Details

Version: 0.1.2
Check: LazyData
Result: NOTE
     'LazyData' is specified without a 'data' directory
Flavors: r-devel-linux-x86_64-debian-clang, r-devel-linux-x86_64-debian-gcc, r-devel-linux-x86_64-fedora-clang, r-devel-linux-x86_64-fedora-gcc, r-devel-windows-x86_64, r-patched-linux-x86_64, r-patched-solaris-x86, r-release-linux-x86_64, r-release-macos-x86_64, r-release-windows-ix86+x86_64

Version: 0.1.2
Check: dependencies in R code
Result: NOTE
    Namespace in Imports field not imported from: ‘BiDAG’
     All declared Imports should be used.
Flavors: r-devel-linux-x86_64-fedora-clang, r-devel-linux-x86_64-fedora-gcc, r-patched-solaris-x86, r-release-macos-x86_64, r-oldrel-macos-x86_64

Version: 0.1.2
Check: package dependencies
Result: ERROR
    Package required but not available: 'BiDAG'
    
    See section 'The DESCRIPTION file' in the 'Writing R Extensions'
    manual.
Flavors: r-devel-windows-x86_64-gcc10-UCRT, r-release-macos-arm64