CRAN Package Check Results for Package BatchGetSymbols

Last updated on 2021-06-13 23:49:00 CEST.

Flavor Version Tinstall Tcheck Ttotal Status Flags
r-devel-linux-x86_64-debian-clang 2.6.1 4.72 54.71 59.43 NOTE
r-devel-linux-x86_64-debian-gcc 2.6.1 3.88 41.76 45.64 NOTE
r-devel-linux-x86_64-fedora-clang 2.6.1 79.17 NOTE
r-devel-linux-x86_64-fedora-gcc 2.6.1 67.66 NOTE
r-devel-windows-x86_64 2.6.1 10.00 82.00 92.00 NOTE
r-devel-windows-x86_64-gcc10-UCRT 2.6.1 NOTE
r-patched-linux-x86_64 2.6.1 4.91 52.19 57.10 NOTE
r-patched-solaris-x86 2.6.1 101.20 NOTE
r-release-linux-x86_64 2.6.1 4.27 50.97 55.24 NOTE
r-release-macos-arm64 2.6.1 NOTE
r-release-macos-x86_64 2.6.1 NOTE
r-release-windows-ix86+x86_64 2.6.1 21.00 78.00 99.00 NOTE
r-oldrel-macos-x86_64 2.6.1 OK
r-oldrel-windows-ix86+x86_64 2.6.1 15.00 97.00 112.00 OK

Check Details

Version: 2.6.1
Check: LazyData
Result: NOTE
     'LazyData' is specified without a 'data' directory
Flavors: r-devel-linux-x86_64-debian-clang, r-devel-linux-x86_64-debian-gcc, r-devel-linux-x86_64-fedora-clang, r-devel-linux-x86_64-fedora-gcc, r-devel-windows-x86_64, r-devel-windows-x86_64-gcc10-UCRT, r-patched-linux-x86_64, r-patched-solaris-x86, r-release-linux-x86_64, r-release-macos-arm64, r-release-macos-x86_64, r-release-windows-ix86+x86_64