CRAN Package Check Results for Package BMRSr

Last updated on 2021-06-22 23:50:26 CEST.

Flavor Version Tinstall Tcheck Ttotal Status Flags
r-devel-linux-x86_64-debian-clang 1.0.3 2.77 38.80 41.57 OK
r-devel-linux-x86_64-debian-gcc 1.0.3 2.28 30.20 32.48 OK
r-devel-linux-x86_64-fedora-clang 1.0.3 60.43 OK
r-devel-linux-x86_64-fedora-gcc 1.0.3 49.80 OK
r-devel-windows-x86_64 1.0.3 5.00 59.00 64.00 OK
r-devel-windows-x86_64-gcc10-UCRT 1.0.3 ERROR
r-patched-linux-x86_64 1.0.3 2.91 37.46 40.37 OK
r-patched-solaris-x86 1.0.3 72.60 OK
r-release-linux-x86_64 1.0.3 2.57 37.04 39.61 OK
r-release-macos-arm64 1.0.3 OK
r-release-macos-x86_64 1.0.3 OK
r-release-windows-ix86+x86_64 1.0.3 5.00 43.00 48.00 OK
r-oldrel-macos-x86_64 1.0.3 OK
r-oldrel-windows-ix86+x86_64 1.0.3 7.00 59.00 66.00 OK

Check Details

Version: 1.0.3
Check: package dependencies
Result: ERROR
    Package required but not available: 'httr'
    
    Package suggested but not available for checking: 'covr'
    
    See section 'The DESCRIPTION file' in the 'Writing R Extensions'
    manual.
Flavor: r-devel-windows-x86_64-gcc10-UCRT