CRAN Package Check Results for Package BIFIEsurvey

Last updated on 2021-05-11 10:48:17 CEST.

Flavor Version Tinstall Tcheck Ttotal Status Flags
r-devel-linux-x86_64-debian-clang 3.3-12 164.70 92.17 256.87 OK
r-devel-linux-x86_64-debian-gcc 3.3-12 113.94 69.59 183.53 OK
r-devel-linux-x86_64-fedora-clang 3.3-12 350.68 NOTE
r-devel-linux-x86_64-fedora-gcc 3.3-12 340.26 OK
r-devel-windows-ix86+x86_64 3.3-12 368.00 154.00 522.00 NOTE
r-devel-windows-x86_64-gcc10-UCRT 3.3-12 OK
r-patched-linux-x86_64 3.3-12 135.48 88.96 224.44 OK
r-patched-solaris-x86 3.3-12 320.00 OK
r-release-linux-x86_64 3.3-12 135.44 86.22 221.66 OK
r-release-macos-x86_64 3.3-12 NOTE
r-release-windows-ix86+x86_64 3.3-12 260.00 132.00 392.00 NOTE
r-oldrel-macos-x86_64 3.3-12 NOTE
r-oldrel-windows-ix86+x86_64 3.3-12 329.00 5.00 334.00 ERROR

Check Details

Version: 3.3-12
Check: installed package size
Result: NOTE
     installed size is 10.0Mb
     sub-directories of 1Mb or more:
     data 1.4Mb
     libs 8.1Mb
Flavors: r-devel-linux-x86_64-fedora-clang, r-devel-windows-ix86+x86_64, r-release-macos-x86_64, r-release-windows-ix86+x86_64, r-oldrel-macos-x86_64

Version: 3.3-12
Check: whether package can be installed
Result: ERROR
    Installation failed.
Flavor: r-oldrel-windows-ix86+x86_64