CRAN Package Check Results for Package BGSIMD

Last updated on 2021-06-21 10:52:26 CEST.

Flavor Version Tinstall Tcheck Ttotal Status Flags
r-devel-linux-x86_64-debian-clang 1.0 2.07 20.41 22.48 NOTE
r-devel-linux-x86_64-debian-gcc 1.0 1.59 16.53 18.12 NOTE
r-devel-linux-x86_64-fedora-clang 1.0 36.92 NOTE
r-devel-linux-x86_64-fedora-gcc 1.0 26.57 NOTE
r-devel-windows-x86_64 1.0 3.00 31.00 34.00 NOTE
r-devel-windows-x86_64-gcc10-UCRT 1.0 NOTE
r-patched-linux-x86_64 1.0 2.12 19.90 22.02 NOTE
r-patched-solaris-x86 1.0 41.40 NOTE
r-release-linux-x86_64 1.0 2.07 20.16 22.23 NOTE
r-release-macos-arm64 1.0 NOTE
r-release-macos-x86_64 1.0 NOTE
r-release-windows-ix86+x86_64 1.0 4.00 23.00 27.00 NOTE
r-oldrel-macos-x86_64 1.0 NOTE
r-oldrel-windows-ix86+x86_64 1.0 4.00 32.00 36.00 NOTE

Check Details

Version: 1.0
Check: R code for possible problems
Result: NOTE
    block.gibbs: no visible global function definition for 'rmultinom'
    rdirichlet: no visible global function definition for 'rgamma'
    Undefined global functions or variables:
     rgamma rmultinom
    Consider adding
     importFrom("stats", "rgamma", "rmultinom")
    to your NAMESPACE file.
Flavors: r-devel-linux-x86_64-debian-clang, r-devel-linux-x86_64-debian-gcc, r-devel-linux-x86_64-fedora-clang, r-devel-linux-x86_64-fedora-gcc, r-devel-windows-x86_64, r-devel-windows-x86_64-gcc10-UCRT, r-patched-linux-x86_64, r-patched-solaris-x86, r-release-linux-x86_64, r-release-macos-arm64, r-release-macos-x86_64, r-release-windows-ix86+x86_64, r-oldrel-macos-x86_64, r-oldrel-windows-ix86+x86_64