CRAN Package Check Results for Package Arothron

Last updated on 2021-06-20 23:49:35 CEST.

Flavor Version Tinstall Tcheck Ttotal Status Flags
r-devel-linux-x86_64-debian-clang 2.0.2 12.65 117.80 130.45 OK
r-devel-linux-x86_64-debian-gcc 2.0.2 10.03 88.80 98.83 OK
r-devel-linux-x86_64-fedora-clang 2.0.2 162.57 NOTE
r-devel-linux-x86_64-fedora-gcc 2.0.2 150.02 OK
r-devel-windows-x86_64 2.0.2 21.00 107.00 128.00 NOTE
r-devel-windows-x86_64-gcc10-UCRT 2.0.2 OK
r-patched-linux-x86_64 2.0.2 11.92 113.28 125.20 OK
r-patched-solaris-x86 2.0.2 219.70 NOTE
r-release-linux-x86_64 2.0.2 12.13 111.51 123.64 OK
r-release-macos-arm64 2.0.2 NOTE
r-release-macos-x86_64 2.0.2 NOTE
r-release-windows-ix86+x86_64 2.0.2 21.00 141.00 162.00 NOTE
r-oldrel-macos-x86_64 2.0.2 NOTE

Check Details

Version: 2.0.2
Check: installed package size
Result: NOTE
     installed size is 5.2Mb
     sub-directories of 1Mb or more:
     data 4.9Mb
Flavors: r-devel-linux-x86_64-fedora-clang, r-devel-windows-x86_64, r-patched-solaris-x86, r-release-macos-arm64, r-release-macos-x86_64, r-release-windows-ix86+x86_64, r-oldrel-macos-x86_64