CRAN Package Check Results for Package ASIP

Last updated on 2021-06-19 10:51:54 CEST.

Flavor Version Tinstall Tcheck Ttotal Status Flags
r-devel-linux-x86_64-debian-clang 0.4.9 16.23 126.06 142.29 NOTE
r-devel-linux-x86_64-debian-gcc 0.4.9 13.43 97.38 110.81 NOTE
r-devel-linux-x86_64-fedora-clang 0.4.9 178.33 NOTE
r-devel-linux-x86_64-fedora-gcc 0.4.9 166.74 NOTE
r-devel-windows-x86_64 0.4.9 24.00 138.00 162.00 NOTE
r-devel-windows-x86_64-gcc10-UCRT 0.4.9 NOTE
r-patched-linux-x86_64 0.4.9 14.39 121.90 136.29 NOTE
r-patched-solaris-x86 0.4.9 227.20 NOTE
r-release-linux-x86_64 0.4.9 13.35 123.61 136.96 NOTE
r-release-macos-arm64 0.4.9 NOTE
r-release-macos-x86_64 0.4.9 NOTE
r-release-windows-ix86+x86_64 0.4.9 30.00 136.00 166.00 NOTE
r-oldrel-macos-x86_64 0.4.9 OK
r-oldrel-windows-ix86+x86_64 0.4.9 20.00 122.00 142.00 OK

Check Details

Version: 0.4.9
Check: LazyData
Result: NOTE
     'LazyData' is specified without a 'data' directory
Flavors: r-devel-linux-x86_64-debian-clang, r-devel-linux-x86_64-debian-gcc, r-devel-linux-x86_64-fedora-clang, r-devel-linux-x86_64-fedora-gcc, r-devel-windows-x86_64, r-devel-windows-x86_64-gcc10-UCRT, r-patched-linux-x86_64, r-patched-solaris-x86, r-release-linux-x86_64, r-release-macos-arm64, r-release-macos-x86_64, r-release-windows-ix86+x86_64