CRAN Package Check Results for Package ASGS.foyer

Last updated on 2021-06-14 10:51:42 CEST.

Flavor Version Tinstall Tcheck Ttotal Status Flags
r-devel-linux-x86_64-debian-clang 0.3.1 3.55 30.16 33.71 OK
r-devel-linux-x86_64-debian-gcc 0.3.1 3.02 23.68 26.70 OK
r-devel-linux-x86_64-fedora-clang 0.3.1 49.69 OK
r-devel-linux-x86_64-fedora-gcc 0.3.1 39.52 OK
r-devel-windows-x86_64 0.3.1 6.00 47.00 53.00 OK
r-devel-windows-x86_64-gcc10-UCRT 0.3.1 NOTE
r-patched-linux-x86_64 0.3.1 3.36 30.71 34.07 OK
r-patched-solaris-x86 0.3.1 63.90 OK
r-release-linux-x86_64 0.3.1 3.69 29.45 33.14 OK
r-release-macos-arm64 0.3.1 NOTE
r-release-macos-x86_64 0.3.1 OK
r-release-windows-ix86+x86_64 0.3.1 5.00 55.00 60.00 OK
r-oldrel-macos-x86_64 0.3.1 OK
r-oldrel-windows-ix86+x86_64 0.3.1 5.00 131.00 136.00 OK

Check Details

Version: 0.3.1
Check: package dependencies
Result: NOTE
    Package suggested but not available for checking: 'spdep'
Flavors: r-devel-windows-x86_64-gcc10-UCRT, r-release-macos-arm64