CRAN Package Check Results for Package ANN2

Last updated on 2021-06-24 10:52:15 CEST.

Flavor Version Tinstall Tcheck Ttotal Status Flags
r-devel-linux-x86_64-debian-clang 2.3.4 482.90 75.19 558.09 NOTE
r-devel-linux-x86_64-debian-gcc 2.3.4 349.39 55.91 405.30 NOTE
r-devel-linux-x86_64-fedora-clang 2.3.4 945.57 NOTE
r-devel-linux-x86_64-fedora-gcc 2.3.4 740.41 NOTE
r-devel-windows-x86_64 2.3.4 465.00 96.00 561.00 NOTE
r-devel-windows-x86_64-gcc10-UCRT 2.3.4 NOTE
r-patched-linux-x86_64 2.3.4 344.05 72.67 416.72 NOTE
r-patched-solaris-x86 2.3.4 535.80 NOTE
r-release-linux-x86_64 2.3.4 379.43 68.34 447.77 NOTE
r-release-macos-arm64 2.3.4 NOTE
r-release-macos-x86_64 2.3.4 NOTE
r-release-windows-ix86+x86_64 2.3.4 701.00 114.00 815.00 NOTE
r-oldrel-macos-x86_64 2.3.4 NOTE

Check Details

Version: 2.3.4
Check: LazyData
Result: NOTE
     'LazyData' is specified without a 'data' directory
Flavors: r-devel-linux-x86_64-debian-clang, r-devel-linux-x86_64-debian-gcc, r-devel-linux-x86_64-fedora-clang, r-devel-linux-x86_64-fedora-gcc, r-devel-windows-x86_64, r-devel-windows-x86_64-gcc10-UCRT, r-patched-linux-x86_64, r-patched-solaris-x86, r-release-linux-x86_64, r-release-macos-arm64, r-release-macos-x86_64, r-release-windows-ix86+x86_64

Version: 2.3.4
Check: installed package size
Result: NOTE
     installed size is 46.1Mb
     sub-directories of 1Mb or more:
     cereal 1.4Mb
     libs 44.5Mb
Flavors: r-devel-linux-x86_64-fedora-clang, r-release-macos-arm64, r-release-macos-x86_64, r-release-windows-ix86+x86_64, r-oldrel-macos-x86_64