Last updated on 2021-04-11 10:47:51 CEST.
Flavor | Version | Tinstall | Tcheck | Ttotal | Status | Flags |
---|---|---|---|---|---|---|
r-devel-linux-x86_64-debian-clang | 1.9.6 | 127.74 | 289.00 | 416.74 | OK | |
r-devel-linux-x86_64-debian-gcc | 1.9.6 | 93.11 | 158.87 | 251.98 | OK | |
r-devel-linux-x86_64-fedora-clang | 1.9.6 | 425.89 | NOTE | |||
r-devel-linux-x86_64-fedora-gcc | 1.9.6 | 395.78 | OK | |||
r-devel-windows-ix86+x86_64 | 1.9.6 | 205.00 | 333.00 | 538.00 | NOTE | |
r-devel-windows-x86_64-gcc10-UCRT | 1.9.6 | OK | ||||
r-patched-linux-x86_64 | 1.9.6 | 115.37 | 203.32 | 318.69 | OK | |
r-patched-solaris-x86 | 1.9.6 | 565.90 | OK | |||
r-release-linux-x86_64 | 1.9.6 | 108.38 | 197.13 | 305.51 | OK | |
r-release-macos-x86_64 | 1.9.6 | NOTE | ||||
r-release-windows-ix86+x86_64 | 1.9.6 | 190.00 | 434.00 | 624.00 | NOTE | |
r-oldrel-macos-x86_64 | 1.9.6 | NOTE | ||||
r-oldrel-windows-ix86+x86_64 | 1.9.6 | 247.00 | 295.00 | 542.00 | OK |
Version: 1.9.6
Check: installed package size
Result: NOTE
installed size is 6.5Mb
sub-directories of 1Mb or more:
R 1.9Mb
libs 3.7Mb
Flavors: r-devel-linux-x86_64-fedora-clang, r-devel-windows-ix86+x86_64, r-release-macos-x86_64, r-release-windows-ix86+x86_64, r-oldrel-macos-x86_64