CRAN Package Check Results for Package wpp2017

Last updated on 2021-01-20 09:50:04 CET.

Flavor Version Tinstall Tcheck Ttotal Status Flags
r-devel-linux-x86_64-debian-clang 1.2-3 3.34 53.13 56.47 OK
r-devel-linux-x86_64-debian-gcc 1.2-3 2.70 40.88 43.58 OK
r-devel-linux-x86_64-fedora-clang 1.2-3 75.72 NOTE
r-devel-linux-x86_64-fedora-gcc 1.2-3 62.84 OK
r-devel-windows-ix86+x86_64 1.2-3 7.00 61.00 68.00 NOTE
r-patched-linux-x86_64 1.2-3 3.10 51.38 54.48 OK
r-patched-solaris-x86 1.2-3 103.30 NOTE
r-release-linux-x86_64 1.2-3 3.44 50.98 54.42 OK
r-release-macos-x86_64 1.2-3 NOTE
r-release-windows-ix86+x86_64 1.2-3 10.00 76.00 86.00 NOTE
r-oldrel-macos-x86_64 1.2-3 NOTE
r-oldrel-windows-ix86+x86_64 1.2-3 7.00 50.00 57.00 NOTE

Check Details

Version: 1.2-3
Check: installed package size
Result: NOTE
     installed size is 11.6Mb
     sub-directories of 1Mb or more:
     data 11.4Mb
Flavors: r-devel-linux-x86_64-fedora-clang, r-devel-windows-ix86+x86_64, r-patched-solaris-x86, r-release-macos-x86_64, r-release-windows-ix86+x86_64, r-oldrel-macos-x86_64, r-oldrel-windows-ix86+x86_64