Last updated on 2021-02-26 09:49:35 CET.
Flavor | Version | Tinstall | Tcheck | Ttotal | Status | Flags |
---|---|---|---|---|---|---|
r-devel-linux-x86_64-debian-clang | 1.0 | 2.41 | 19.53 | 21.94 | OK | |
r-devel-linux-x86_64-debian-gcc | 1.0 | 1.84 | 15.63 | 17.47 | OK | |
r-devel-linux-x86_64-fedora-clang | 1.0 | 39.27 | NOTE | |||
r-devel-linux-x86_64-fedora-gcc | 1.0 | 27.58 | NOTE | |||
r-devel-windows-ix86+x86_64 | 1.0 | 11.00 | 36.00 | 47.00 | OK | |
r-patched-linux-x86_64 | 1.0 | 2.20 | 19.39 | 21.59 | OK | |
r-patched-solaris-x86 | 1.0 | 40.80 | OK | |||
r-release-linux-x86_64 | 1.0 | 2.71 | 19.37 | 22.08 | OK | |
r-release-macos-x86_64 | 1.0 | OK | ||||
r-release-windows-ix86+x86_64 | 1.0 | 10.00 | 33.00 | 43.00 | OK | |
r-oldrel-macos-x86_64 | 1.0 | OK | ||||
r-oldrel-windows-ix86+x86_64 | 1.0 | 16.00 | 48.00 | 64.00 | OK |
Version: 1.0
Check: top-level files
Result: NOTE
‘configure’: /bin/bash is not portable
Flavors: r-devel-linux-x86_64-fedora-clang, r-devel-linux-x86_64-fedora-gcc