CRAN Package Check Results for Package vroom

Last updated on 2021-01-27 22:49:09 CET.

Flavor Version Tinstall Tcheck Ttotal Status Flags
r-devel-linux-x86_64-debian-clang 1.3.2 97.69 100.14 197.83 OK
r-devel-linux-x86_64-debian-gcc 1.3.2 OK
r-devel-linux-x86_64-fedora-clang 1.3.2 241.15 NOTE
r-devel-linux-x86_64-fedora-gcc 1.3.2 260.47 OK
r-devel-windows-ix86+x86_64 1.3.2 260.00 166.00 426.00 OK
r-patched-linux-x86_64 1.3.2 91.99 100.34 192.33 OK
r-patched-solaris-x86 1.3.2 279.50 OK
r-release-linux-x86_64 1.3.2 87.94 99.72 187.66 OK
r-release-macos-x86_64 1.3.2 NOTE
r-release-windows-ix86+x86_64 1.3.2 266.00 123.00 389.00 OK
r-oldrel-macos-x86_64 1.3.2 NOTE
r-oldrel-windows-ix86+x86_64 1.3.2 261.00 160.00 421.00 OK

Additional issues

clang-UBSAN M1mac

Check Details

Version: 1.3.2
Check: installed package size
Result: NOTE
     installed size is 10.4Mb
     sub-directories of 1Mb or more:
     doc 1.2Mb
     libs 8.4Mb
Flavors: r-devel-linux-x86_64-fedora-clang, r-release-macos-x86_64, r-oldrel-macos-x86_64