CRAN Package Check Results for Package vegtable

Last updated on 2021-01-15 09:51:03 CET.

Flavor Version Tinstall Tcheck Ttotal Status Flags
r-devel-linux-x86_64-debian-clang 0.1.6 27.80 171.66 199.46 OK
r-devel-linux-x86_64-debian-gcc 0.1.6 23.62 129.80 153.42 OK
r-devel-linux-x86_64-fedora-clang 0.1.6 256.98 NOTE
r-devel-linux-x86_64-fedora-gcc 0.1.6 238.73 NOTE
r-devel-windows-ix86+x86_64 0.1.6 59.00 200.00 259.00 OK
r-patched-linux-x86_64 0.1.6 25.81 158.59 184.40 OK
r-patched-solaris-x86 0.1.6 361.20 NOTE
r-release-linux-x86_64 0.1.6 25.19 159.02 184.21 OK
r-release-macos-x86_64 0.1.6 NOTE
r-release-windows-ix86+x86_64 0.1.6 47.00 212.00 259.00 OK
r-oldrel-macos-x86_64 0.1.6 NOTE
r-oldrel-windows-ix86+x86_64 0.1.6 38.00 133.00 171.00 OK

Check Details

Version: 0.1.6
Check: Rd cross-references
Result: NOTE
    Undeclared package ‘stringdist’ in Rd xrefs
Flavor: r-devel-linux-x86_64-fedora-clang

Version: 0.1.6
Check: data for non-ASCII characters
Result: NOTE
     Note: found 128 marked UTF-8 strings
Flavors: r-devel-linux-x86_64-fedora-clang, r-devel-linux-x86_64-fedora-gcc, r-patched-solaris-x86, r-release-macos-x86_64, r-oldrel-macos-x86_64