Last updated on 2021-01-24 09:49:22 CET.
Flavor | Version | Tinstall | Tcheck | Ttotal | Status | Flags |
---|---|---|---|---|---|---|
r-devel-linux-x86_64-debian-clang | 3.9.2 | 9.38 | 416.63 | 426.01 | OK | |
r-devel-linux-x86_64-debian-gcc | 3.9.2 | 6.53 | 313.62 | 320.15 | OK | |
r-devel-linux-x86_64-fedora-clang | 3.9.2 | 524.29 | NOTE | |||
r-devel-linux-x86_64-fedora-gcc | 3.9.2 | 506.78 | OK | |||
r-devel-windows-ix86+x86_64 | 3.9.2 | 19.00 | 609.00 | 628.00 | OK | |
r-patched-linux-x86_64 | 3.9.2 | 8.84 | 381.38 | 390.22 | OK | |
r-patched-solaris-x86 | 3.9.2 | 640.50 | OK | |||
r-release-linux-x86_64 | 3.9.2 | 8.38 | 382.29 | 390.67 | OK | |
r-release-macos-x86_64 | 3.9.2 | OK | ||||
r-release-windows-ix86+x86_64 | 3.9.2 | 16.00 | 794.00 | 810.00 | OK | |
r-oldrel-macos-x86_64 | 3.9.2 | NOTE | ||||
r-oldrel-windows-ix86+x86_64 | 3.9.2 | 14.00 | 713.00 | 727.00 | NOTE |
Version: 3.9.2
Check: Rd cross-references
Result: NOTE
Undeclared package ‘rje’ in Rd xrefs
Flavor: r-devel-linux-x86_64-fedora-clang
Version: 3.9.2
Check: dependencies in R code
Result: NOTE
No protocol specified
No protocol specified
Flavor: r-oldrel-macos-x86_64
Version: 3.9.2
Check: R code for possible problems
Result: NOTE
.geomap: no visible global function definition for ‘list2DF’
Undefined global functions or variables:
list2DF
Flavors: r-oldrel-macos-x86_64, r-oldrel-windows-ix86+x86_64