Last updated on 2021-01-24 09:49:22 CET.
Flavor | Version | Tinstall | Tcheck | Ttotal | Status | Flags |
---|---|---|---|---|---|---|
r-devel-linux-x86_64-debian-clang | 0.3.4 | 11.33 | 184.57 | 195.90 | NOTE | |
r-devel-linux-x86_64-debian-gcc | 0.3.4 | 9.81 | 133.66 | 143.47 | NOTE | |
r-devel-linux-x86_64-fedora-clang | 0.3.4 | 241.96 | NOTE | |||
r-devel-linux-x86_64-fedora-gcc | 0.3.4 | 204.81 | NOTE | |||
r-devel-windows-ix86+x86_64 | 0.3.4 | 30.00 | 162.00 | 192.00 | NOTE | |
r-patched-linux-x86_64 | 0.3.4 | 12.44 | 168.62 | 181.06 | NOTE | |
r-patched-solaris-x86 | 0.3.4 | 292.60 | NOTE | |||
r-release-linux-x86_64 | 0.3.4 | 10.25 | 168.35 | 178.60 | NOTE | |
r-release-macos-x86_64 | 0.3.4 | NOTE | ||||
r-release-windows-ix86+x86_64 | 0.3.4 | 47.00 | 237.00 | 284.00 | NOTE | |
r-oldrel-macos-x86_64 | 0.3.4 | WARN | ||||
r-oldrel-windows-ix86+x86_64 | 0.3.4 | 21.00 | 202.00 | 223.00 | NOTE |
Version: 0.3.4
Check: package dependencies
Result: NOTE
Package which this enhances but not available for checking: 'sl3'
Flavors: r-devel-linux-x86_64-debian-clang, r-devel-linux-x86_64-debian-gcc, r-devel-linux-x86_64-fedora-clang, r-devel-linux-x86_64-fedora-gcc, r-devel-windows-ix86+x86_64, r-patched-linux-x86_64, r-patched-solaris-x86, r-release-linux-x86_64, r-release-macos-x86_64, r-release-windows-ix86+x86_64, r-oldrel-macos-x86_64, r-oldrel-windows-ix86+x86_64
Version: 0.3.4
Check: Rd cross-references
Result: NOTE
Unknown package 'sl3' in Rd xrefs
Flavors: r-devel-linux-x86_64-debian-clang, r-devel-linux-x86_64-debian-gcc, r-devel-linux-x86_64-fedora-clang, r-devel-linux-x86_64-fedora-gcc, r-devel-windows-ix86+x86_64, r-patched-linux-x86_64, r-patched-solaris-x86, r-release-linux-x86_64, r-release-macos-x86_64, r-release-windows-ix86+x86_64, r-oldrel-windows-ix86+x86_64
Version: 0.3.4
Check: Rd cross-references
Result: WARN
Unknown package ‘sl3’ in Rd xrefs
Flavor: r-oldrel-macos-x86_64