CRAN Package Check Results for Package treenomial

Last updated on 2021-01-16 22:55:58 CET.

Flavor Version Tinstall Tcheck Ttotal Status Flags
r-devel-linux-x86_64-debian-clang 1.1.3 94.94 40.53 135.47 OK
r-devel-linux-x86_64-debian-gcc 1.1.3 60.50 31.43 91.93 OK
r-devel-linux-x86_64-fedora-clang 1.1.3 206.32 NOTE
r-devel-linux-x86_64-fedora-gcc 1.1.3 168.57 OK
r-devel-windows-ix86+x86_64 1.1.3 141.00 85.00 226.00 OK
r-patched-linux-x86_64 1.1.3 70.34 38.45 108.79 OK
r-patched-solaris-x86 1.1.3 156.30 OK
r-release-linux-x86_64 1.1.3 71.63 38.65 110.28 OK
r-release-macos-x86_64 1.1.3 NOTE
r-release-windows-ix86+x86_64 1.1.3 169.00 81.00 250.00 OK
r-oldrel-macos-x86_64 1.1.3 NOTE
r-oldrel-windows-ix86+x86_64 1.1.3 181.00 65.00 246.00 OK

Check Details

Version: 1.1.3
Check: installed package size
Result: NOTE
     installed size is 7.0Mb
     sub-directories of 1Mb or more:
     libs 6.8Mb
Flavors: r-devel-linux-x86_64-fedora-clang, r-release-macos-x86_64, r-oldrel-macos-x86_64