Last updated on 2025-01-19 22:49:27 CET.
Flavor | Version | Tinstall | Tcheck | Ttotal | Status | Flags |
---|---|---|---|---|---|---|
r-devel-linux-x86_64-debian-clang | 1.0.2 | 4.70 | 104.26 | 108.96 | OK | |
r-devel-linux-x86_64-debian-gcc | 1.0.2 | 2.96 | 76.09 | 79.05 | OK | |
r-devel-linux-x86_64-fedora-clang | 1.0.2 | 178.02 | OK | |||
r-devel-linux-x86_64-fedora-gcc | 1.0.2 | 194.01 | OK | |||
r-devel-windows-x86_64 | 1.0.2 | 6.00 | 119.00 | 125.00 | OK | |
r-patched-linux-x86_64 | 1.0.2 | 4.05 | 102.33 | 106.38 | OK | |
r-release-linux-x86_64 | 1.0.2 | 4.62 | 101.06 | 105.68 | OK | |
r-release-macos-arm64 | 1.0.2 | 71.00 | OK | |||
r-release-macos-x86_64 | 1.0.2 | 111.00 | OK | |||
r-release-windows-x86_64 | 1.0.2 | 6.00 | 117.00 | 123.00 | OK | |
r-oldrel-macos-arm64 | 1.0.2 | 193.00 | OK | |||
r-oldrel-macos-x86_64 | 1.0.2 | 115.00 | NOTE | |||
r-oldrel-windows-x86_64 | 1.0.2 | 7.00 | 142.00 | 149.00 | OK |
Version: 1.0.2
Check: package dependencies
Result: NOTE
Package suggested but not available for checking: ‘Seurat’
Flavor: r-oldrel-macos-x86_64