CRAN Package Check Results for Package tongfen

Last updated on 2021-03-07 22:47:51 CET.

Flavor Version Tinstall Tcheck Ttotal Status Flags
r-devel-linux-x86_64-debian-clang 0.3 9.00 126.44 135.44 OK
r-devel-linux-x86_64-debian-gcc 0.3 6.44 91.36 97.80 OK
r-devel-linux-x86_64-fedora-clang 0.3 168.41 NOTE
r-devel-linux-x86_64-fedora-gcc 0.3 158.51 NOTE
r-devel-windows-ix86+x86_64 0.3 14.00 141.00 155.00 OK
r-devel-windows-x86_64-gcc10-UCRT 0.3 NOTE
r-patched-linux-x86_64 0.3 8.48 118.37 126.85 OK
r-patched-solaris-x86 0.3 213.60 NOTE
r-release-linux-x86_64 0.3 8.89 117.05 125.94 OK
r-release-macos-x86_64 0.3 NOTE
r-release-windows-ix86+x86_64 0.3 13.00 119.00 132.00 OK
r-oldrel-macos-x86_64 0.3 NOTE
r-oldrel-windows-ix86+x86_64 0.3 13.00 121.00 134.00 OK

Check Details

Version: 0.3
Check: dependencies in R code
Result: NOTE
    Namespaces in Imports field not imported from:
     ‘geojsonsf’ ‘lwgeom’
     All declared Imports should be used.
Flavors: r-devel-linux-x86_64-fedora-clang, r-devel-linux-x86_64-fedora-gcc, r-devel-windows-x86_64-gcc10-UCRT, r-patched-solaris-x86, r-release-macos-x86_64, r-oldrel-macos-x86_64

Version: 0.3
Check: data for non-ASCII characters
Result: NOTE
     Note: found 160 marked UTF-8 strings
Flavors: r-devel-linux-x86_64-fedora-clang, r-devel-linux-x86_64-fedora-gcc, r-devel-windows-x86_64-gcc10-UCRT, r-patched-solaris-x86, r-release-macos-x86_64, r-oldrel-macos-x86_64