CRAN Package Check Results for Package tm.plugin.webmining

Last updated on 2021-02-26 09:49:34 CET.

Flavor Version Tinstall Tcheck Ttotal Status Flags
r-devel-linux-x86_64-debian-clang 1.3 7.27 70.08 77.35 NOTE
r-devel-linux-x86_64-debian-gcc 1.3 5.39 54.89 60.28 NOTE
r-devel-linux-x86_64-fedora-clang 1.3 113.96 NOTE
r-devel-linux-x86_64-fedora-gcc 1.3 96.32 NOTE
r-devel-windows-ix86+x86_64 1.3 13.00 78.00 91.00 NOTE
r-patched-linux-x86_64 1.3 6.23 67.02 73.25 NOTE
r-patched-solaris-x86 1.3 138.40 NOTE
r-release-linux-x86_64 1.3 6.41 67.71 74.12 NOTE
r-release-macos-x86_64 1.3 NOTE
r-release-windows-ix86+x86_64 1.3 24.00 95.00 119.00 NOTE
r-oldrel-macos-x86_64 1.3 NOTE
r-oldrel-windows-ix86+x86_64 1.3 12.00 79.00 91.00 NOTE

Check Details

Version: 1.3
Check: R code for possible problems
Result: NOTE
    extractContentDOM: no visible global function definition for
     'capture.output'
    extractHTMLStrip: no visible global function definition for
     'capture.output'
    Undefined global functions or variables:
     capture.output
    Consider adding
     importFrom("utils", "capture.output")
    to your NAMESPACE file.
Flavors: r-devel-linux-x86_64-debian-clang, r-devel-linux-x86_64-debian-gcc, r-devel-linux-x86_64-fedora-clang, r-devel-linux-x86_64-fedora-gcc, r-devel-windows-ix86+x86_64, r-patched-linux-x86_64, r-patched-solaris-x86, r-release-linux-x86_64, r-release-macos-x86_64, r-release-windows-ix86+x86_64, r-oldrel-macos-x86_64, r-oldrel-windows-ix86+x86_64