CRAN Package Check Results for Package tinytex

Last updated on 2021-01-22 09:48:52 CET.

Flavor Version Tinstall Tcheck Ttotal Status Flags
r-devel-linux-x86_64-debian-clang 0.28 2.68 28.05 30.73 OK
r-devel-linux-x86_64-debian-gcc 0.28 2.33 22.21 24.54 OK
r-devel-linux-x86_64-fedora-clang 0.29 45.53 OK
r-devel-linux-x86_64-fedora-gcc 0.29 34.93 OK
r-devel-windows-ix86+x86_64 0.29 6.00 40.00 46.00 OK
r-patched-linux-x86_64 0.28 2.61 27.15 29.76 OK
r-patched-solaris-x86 0.29 57.90 OK
r-release-linux-x86_64 0.28 2.52 26.98 29.50 OK
r-release-macos-x86_64 0.28 OK
r-release-windows-ix86+x86_64 0.28 7.00 40.00 47.00 OK
r-oldrel-macos-x86_64 0.28 NOTE
r-oldrel-windows-ix86+x86_64 0.29 4.00 35.00 39.00 OK

Check Details

Version: 0.28
Check: dependencies in R code
Result: NOTE
    No protocol specified
    No protocol specified
Flavor: r-oldrel-macos-x86_64