Last updated on 2021-01-24 09:49:21 CET.
Flavor | Version | Tinstall | Tcheck | Ttotal | Status | Flags |
---|---|---|---|---|---|---|
r-devel-linux-x86_64-debian-clang | 0.4.0 | 31.23 | 168.63 | 199.86 | OK | |
r-devel-linux-x86_64-debian-gcc | 0.4.0 | 21.93 | 126.83 | 148.76 | OK | |
r-devel-linux-x86_64-fedora-clang | 0.4.0 | 268.62 | NOTE | |||
r-devel-linux-x86_64-fedora-gcc | 0.4.0 | 237.54 | NOTE | |||
r-devel-windows-ix86+x86_64 | 0.4.0 | 69.00 | 221.00 | 290.00 | OK | |
r-patched-linux-x86_64 | 0.4.0 | 25.36 | 159.29 | 184.65 | OK | |
r-patched-solaris-x86 | 0.4.0 | 315.30 | NOTE | |||
r-release-linux-x86_64 | 0.4.0 | 25.56 | 160.12 | 185.68 | OK | |
r-release-macos-x86_64 | 0.4.0 | NOTE | ||||
r-release-windows-ix86+x86_64 | 0.4.0 | 71.00 | 315.00 | 386.00 | OK | |
r-oldrel-macos-x86_64 | 0.4.0 | NOTE | ||||
r-oldrel-windows-ix86+x86_64 | 0.4.0 | 58.00 | 282.00 | 340.00 | OK |
Version: 0.4.0
Check: dependencies in R code
Result: NOTE
Namespace in Imports field not imported from: ‘stringr’
All declared Imports should be used.
Flavors: r-devel-linux-x86_64-fedora-clang, r-devel-linux-x86_64-fedora-gcc, r-patched-solaris-x86, r-release-macos-x86_64, r-oldrel-macos-x86_64