CRAN Package Check Results for Package sys

Last updated on 2021-01-22 09:48:51 CET.

Flavor Version Tinstall Tcheck Ttotal Status Flags
r-devel-linux-x86_64-debian-clang 3.4 2.45 24.28 26.73 OK
r-devel-linux-x86_64-debian-gcc 3.4 2.17 20.18 22.35 OK
r-devel-linux-x86_64-fedora-clang 3.4 44.78 OK
r-devel-linux-x86_64-fedora-gcc 3.4 32.83 OK
r-devel-windows-ix86+x86_64 3.4 12.00 57.00 69.00 NOTE
r-patched-linux-x86_64 3.4 2.49 24.72 27.21 OK
r-patched-solaris-x86 3.4 53.80 OK
r-release-linux-x86_64 3.4 2.75 24.91 27.66 OK
r-release-macos-x86_64 3.4 OK
r-release-windows-ix86+x86_64 3.4 11.00 69.00 80.00 NOTE
r-oldrel-macos-x86_64 3.4 OK
r-oldrel-windows-ix86+x86_64 3.4 8.00 55.00 63.00 NOTE

Check Details

Version: 3.4
Check: package dependencies
Result: NOTE
    Package suggested but not available for checking: 'unix'
Flavors: r-devel-windows-ix86+x86_64, r-release-windows-ix86+x86_64, r-oldrel-windows-ix86+x86_64