CRAN Package Check Results for Package sunburstR

Last updated on 2021-04-17 10:50:18 CEST.

Flavor Version Tinstall Tcheck Ttotal Status Flags
r-devel-linux-x86_64-debian-clang 2.1.5 2.76 42.84 45.60 NOTE
r-devel-linux-x86_64-debian-gcc 2.1.5 2.09 33.31 35.40 NOTE
r-devel-linux-x86_64-fedora-clang 2.1.5 65.27 NOTE
r-devel-linux-x86_64-fedora-gcc 2.1.5 53.98 NOTE
r-devel-windows-ix86+x86_64 2.1.5 6.00 61.00 67.00 NOTE
r-devel-windows-x86_64-gcc10-UCRT 2.1.5 NOTE
r-patched-linux-x86_64 2.1.5 2.67 41.31 43.98 OK
r-patched-solaris-x86 2.1.5 81.70 OK
r-release-linux-x86_64 2.1.5 2.58 41.07 43.65 OK
r-release-macos-x86_64 2.1.5 OK
r-release-windows-ix86+x86_64 2.1.5 7.00 67.00 74.00 OK
r-oldrel-macos-x86_64 2.1.5 OK
r-oldrel-windows-ix86+x86_64 2.1.5 3.00 62.00 65.00 OK

Check Details

Version: 2.1.5
Check: LazyData
Result: NOTE
     'LazyData' is specified without a 'data' directory
Flavors: r-devel-linux-x86_64-debian-clang, r-devel-linux-x86_64-debian-gcc, r-devel-linux-x86_64-fedora-clang, r-devel-linux-x86_64-fedora-gcc, r-devel-windows-ix86+x86_64, r-devel-windows-x86_64-gcc10-UCRT