CRAN Package Check Results for Package statnipokladna

Last updated on 2021-01-22 09:48:51 CET.

Flavor Version Tinstall Tcheck Ttotal Status Flags
r-devel-linux-x86_64-debian-clang 0.6.0 4.16 41.59 45.75 OK
r-devel-linux-x86_64-debian-gcc 0.6.0 2.91 32.02 34.93 OK
r-devel-linux-x86_64-fedora-clang 0.6.0 68.34 NOTE
r-devel-linux-x86_64-fedora-gcc 0.6.0 55.30 NOTE
r-devel-windows-ix86+x86_64 0.6.0 9.00 44.00 53.00 OK
r-patched-linux-x86_64 0.6.0 3.26 39.50 42.76 OK
r-patched-solaris-x86 0.6.0 80.20 NOTE
r-release-linux-x86_64 0.6.0 4.02 39.92 43.94 OK
r-release-macos-x86_64 0.6.0 NOTE
r-release-windows-ix86+x86_64 0.6.0 30.00 72.00 102.00 OK
r-oldrel-macos-x86_64 0.6.0 NOTE
r-oldrel-windows-ix86+x86_64 0.6.0 6.00 45.00 51.00 OK

Check Details

Version: 0.6.0
Check: data for non-ASCII characters
Result: NOTE
     Note: found 49 marked UTF-8 strings
Flavors: r-devel-linux-x86_64-fedora-clang, r-devel-linux-x86_64-fedora-gcc, r-patched-solaris-x86, r-release-macos-x86_64, r-oldrel-macos-x86_64