CRAN Package Check Results for Package statcodelists

Last updated on 2024-02-27 09:54:10 CET.

Flavor Version Tinstall Tcheck Ttotal Status Flags
r-devel-linux-x86_64-debian-clang 0.9.2 2.17 22.95 25.12 OK
r-devel-linux-x86_64-debian-gcc 0.9.2 1.89 18.07 19.96 OK
r-devel-linux-x86_64-fedora-clang 0.9.2 32.19 NOTE
r-devel-linux-x86_64-fedora-gcc 0.9.2 30.24 NOTE
r-devel-windows-x86_64 0.9.2 4.00 43.00 47.00 OK
r-patched-linux-x86_64 0.9.2 2.23 22.61 24.84 OK
r-release-linux-x86_64 0.9.2 2.09 23.14 25.23 OK
r-release-macos-arm64 0.9.2 18.00 OK
r-release-macos-x86_64 0.9.2 22.00 OK
r-release-windows-x86_64 0.9.2 3.00 44.00 47.00 OK
r-oldrel-macos-arm64 0.9.2 19.00 OK
r-oldrel-windows-x86_64 0.9.2 5.00 43.00 48.00 OK

Check Details

Version: 0.9.2
Check: data for non-ASCII characters
Result: NOTE Note: found 1 marked Latin-1 string Note: found 18 marked UTF-8 strings Flavors: r-devel-linux-x86_64-fedora-clang, r-devel-linux-x86_64-fedora-gcc