Last updated on 2021-02-26 22:47:34 CET.
Flavor | Version | Tinstall | Tcheck | Ttotal | Status | Flags |
---|---|---|---|---|---|---|
r-devel-linux-x86_64-debian-clang | 5.2.2 | 12.92 | 60.61 | 73.53 | OK | |
r-devel-linux-x86_64-debian-gcc | 5.2.2 | 11.57 | 45.85 | 57.42 | OK | |
r-devel-linux-x86_64-fedora-clang | 5.2.2 | 103.83 | OK | |||
r-devel-linux-x86_64-fedora-gcc | 5.2.2 | 93.78 | OK | |||
r-devel-windows-ix86+x86_64 | 5.2.2 | 20.00 | 65.00 | 85.00 | OK | |
r-patched-linux-x86_64 | 5.2.2 | 10.03 | 56.16 | 66.19 | OK | |
r-patched-solaris-x86 | 5.2.2 | 103.20 | OK | |||
r-release-linux-x86_64 | 5.2.2 | 11.06 | 57.33 | 68.39 | OK | |
r-release-macos-x86_64 | 5.2.2 | NOTE | ||||
r-release-windows-ix86+x86_64 | 5.2.2 | 16.00 | 65.00 | 81.00 | OK | |
r-oldrel-macos-x86_64 | 5.2.2 | NOTE | ||||
r-oldrel-windows-ix86+x86_64 | 5.2.2 | 17.00 | 80.00 | 97.00 | OK |
Version: 5.2.2
Check: package dependencies
Result: NOTE
Package which this enhances but not available for checking: ‘Zelig’
Flavor: r-release-macos-x86_64
Version: 5.2.2
Check: package dependencies
Result: NOTE
Package which this enhances but not available for checking: ‘mnlogit’
Flavor: r-oldrel-macos-x86_64