CRAN Package Check Results for Package sppmix

Last updated on 2021-01-16 22:55:56 CET.

Flavor Version Tinstall Tcheck Ttotal Status Flags
r-devel-linux-x86_64-debian-clang 1.0.2.1 186.15 150.21 336.36 OK
r-devel-linux-x86_64-debian-gcc 1.0.2.1 132.13 117.26 249.39 OK
r-devel-linux-x86_64-fedora-clang 1.0.2.1 474.70 NOTE
r-devel-linux-x86_64-fedora-gcc 1.0.2.1 429.61 NOTE
r-devel-windows-ix86+x86_64 1.0.2.1 305.00 230.00 535.00 NOTE
r-patched-linux-x86_64 1.0.2.1 150.81 141.73 292.54 OK
r-patched-solaris-x86 1.0.2.1 442.20 NOTE
r-release-linux-x86_64 1.0.2.1 157.09 141.01 298.10 OK
r-release-macos-x86_64 1.0.2.1 NOTE
r-release-windows-ix86+x86_64 1.0.2.1 340.00 216.00 556.00 NOTE
r-oldrel-macos-x86_64 1.0.2.1 WARN
r-oldrel-windows-ix86+x86_64 1.0.2.1 375.00 185.00 560.00 NOTE

Check Details

Version: 1.0.2.1
Check: installed package size
Result: NOTE
     installed size is 16.1Mb
     sub-directories of 1Mb or more:
     data 5.4Mb
     libs 9.9Mb
Flavors: r-devel-linux-x86_64-fedora-clang, r-devel-windows-ix86+x86_64, r-patched-solaris-x86, r-release-macos-x86_64, r-release-windows-ix86+x86_64, r-oldrel-macos-x86_64, r-oldrel-windows-ix86+x86_64

Version: 1.0.2.1
Check: Rd cross-references
Result: NOTE
    Undeclared package ‘RcppArmadillo’ in Rd xrefs
Flavor: r-devel-linux-x86_64-fedora-clang

Version: 1.0.2.1
Check: data for non-ASCII characters
Result: NOTE
     Note: found 17 marked UTF-8 strings
Flavors: r-devel-linux-x86_64-fedora-clang, r-devel-linux-x86_64-fedora-gcc, r-patched-solaris-x86, r-release-macos-x86_64, r-oldrel-macos-x86_64

Version: 1.0.2.1
Check: whether package can be installed
Result: WARN
    Found the following significant warnings:
     Warning: 'rgl.init' failed, running with 'rgl.useNULL = TRUE'.
Flavor: r-oldrel-macos-x86_64