Last updated on 2021-01-22 22:48:55 CET.
Flavor | Version | Tinstall | Tcheck | Ttotal | Status | Flags |
---|---|---|---|---|---|---|
r-devel-linux-x86_64-debian-clang | 0.4.1 | 113.55 | 40.69 | 154.24 | OK | |
r-devel-linux-x86_64-debian-gcc | 0.4.1 | 80.29 | 31.58 | 111.87 | OK | |
r-devel-linux-x86_64-fedora-clang | 0.4.1 | 230.21 | NOTE | |||
r-devel-linux-x86_64-fedora-gcc | 0.4.1 | 200.39 | OK | |||
r-devel-windows-ix86+x86_64 | 0.4.1 | 269.00 | 75.00 | 344.00 | OK | |
r-patched-linux-x86_64 | 0.4.1 | 91.08 | 41.39 | 132.47 | OK | |
r-patched-solaris-x86 | 0.4.1 | 175.60 | OK | |||
r-release-linux-x86_64 | 0.4.1 | 91.90 | 40.83 | 132.73 | OK | |
r-release-macos-x86_64 | 0.4.1 | OK | ||||
r-release-windows-ix86+x86_64 | 0.4.1 | 204.00 | 102.00 | 306.00 | OK | |
r-oldrel-macos-x86_64 | 0.4.1 | OK | ||||
r-oldrel-windows-ix86+x86_64 | 0.4.1 | 197.00 | 73.00 | 270.00 | OK |
Version: 0.4.1
Check: installed package size
Result: NOTE
installed size is 6.0Mb
sub-directories of 1Mb or more:
libs 4.6Mb
Flavor: r-devel-linux-x86_64-fedora-clang