CRAN Package Check Results for Package sperrorest

Last updated on 2021-01-20 22:48:28 CET.

Flavor Version Tinstall Tcheck Ttotal Status Flags
r-devel-linux-x86_64-debian-clang 3.0.1 7.02 115.92 122.94 ERROR --no-vignettes
r-devel-linux-x86_64-debian-gcc 3.0.1 5.26 82.30 87.56 OK --no-vignettes
r-devel-linux-x86_64-fedora-clang 3.0.1 1235.65 OK
r-devel-linux-x86_64-fedora-gcc 3.0.1 1115.48 OK
r-devel-windows-ix86+x86_64 3.0.1 8.00 429.00 437.00 OK
r-patched-linux-x86_64 3.0.1 5.47 106.37 111.84 OK --no-vignettes
r-patched-solaris-x86 3.0.1 2146.80 WARN
r-release-linux-x86_64 3.0.1 4.96 109.18 114.14 OK --no-vignettes
r-release-macos-x86_64 3.0.1 OK
r-release-windows-ix86+x86_64 3.0.1 18.00 526.00 544.00 OK
r-oldrel-macos-x86_64 3.0.1 OK
r-oldrel-windows-ix86+x86_64 3.0.1 7.00 393.00 400.00 OK

Check Details

Version: 3.0.1
Flags: --no-vignettes
Check: tests
Result: ERROR
     Running 'testthat.R' [68s/78s]
    Running the tests in 'tests/testthat.R' failed.
    Complete output:
     > library(testthat)
     > library(sperrorest)
     >
     > test_check("sperrorest")
     == Skipped tests ===============================================================
     * On CRAN (7)
     * internal use (4)
    
     == Failed tests ================================================================
     -- Failure (test-sperrorest.R:194:3): sperrorest correctly updates resampling object when using a
     sub-sample --
     length(out[["represampling"]][["1"]][["1"]][["test"]]) is not strictly less than 150. Difference: 0
    
     [ FAIL 1 | WARN 0 | SKIP 11 | PASS 51 ]
     Error: Test failures
     Execution halted
Flavor: r-devel-linux-x86_64-debian-clang

Version: 3.0.1
Check: re-building of vignette outputs
Result: WARN
    Error(s) in re-building vignettes:
     ...
    --- re-building ‘custom-pred-and-model-functions.Rmd’ using rmarkdown
    Warning in engine$weave(file, quiet = quiet, encoding = enc) :
     Pandoc (>= 1.12.3) and/or pandoc-citeproc not available. Falling back to R Markdown v1.
    --- finished re-building ‘custom-pred-and-model-functions.Rmd’
    
    Cpu Limit Exceeded - core dumped
    --- re-building ‘spatial-modeling-use-case.Rmd’ using rmarkdown
    Warning in engine$weave(file, quiet = quiet, encoding = enc) :
     Pandoc (>= 1.12.3) and/or pandoc-citeproc not available. Falling back to R Markdown v1.
    SUMMARY: processing the following file failed:
     ‘spatial-modeling-use-case.Rmd’
    
    Error: Vignette re-building failed.
    Execution halted
Flavor: r-patched-solaris-x86