CRAN Package Check Results for Package sorvi

Last updated on 2021-04-11 10:47:47 CEST.

Flavor Version Tinstall Tcheck Ttotal Status Flags
r-devel-linux-x86_64-debian-clang 0.7.26 6.46 69.06 75.52 NOTE
r-devel-linux-x86_64-debian-gcc 0.7.26 4.17 52.05 56.22 NOTE
r-devel-linux-x86_64-fedora-clang 0.7.26 95.26 NOTE
r-devel-linux-x86_64-fedora-gcc 0.7.26 81.12 NOTE
r-devel-windows-ix86+x86_64 0.7.26 11.00 75.00 86.00 NOTE
r-devel-windows-x86_64-gcc10-UCRT 0.7.26 NOTE
r-patched-linux-x86_64 0.7.26 5.48 63.84 69.32 NOTE
r-patched-solaris-x86 0.7.26 133.40 NOTE
r-release-linux-x86_64 0.7.26 6.11 64.18 70.29 NOTE
r-release-macos-x86_64 0.7.26 NOTE
r-release-windows-ix86+x86_64 0.7.26 18.00 100.00 118.00 NOTE
r-oldrel-macos-x86_64 0.7.26 NOTE
r-oldrel-windows-ix86+x86_64 0.7.26 12.00 74.00 86.00 NOTE

Check Details

Version: 0.7.26
Check: R code for possible problems
Result: NOTE
    convert_municipality_names: no visible global function definition for
     'read.csv'
    regression_plot: no visible binding for global variable 'loess'
    regression_plot: no visible global function definition for
     'colorRampPalette'
    regression_plot: no visible global function definition for
     'loess.control'
    regression_plot: no visible global function definition for 'predict'
    regression_plot : <anonymous>: no visible global function definition
     for 'quantile'
    regression_plot : <anonymous>: no visible global function definition
     for 'pnorm'
    regression_plot: no visible global function definition for
     'flush.console'
    regression_plot: no visible global function definition for 'density'
    Undefined global functions or variables:
     colorRampPalette density flush.console loess loess.control pnorm
     predict quantile read.csv
    Consider adding
     importFrom("grDevices", "colorRampPalette")
     importFrom("stats", "density", "loess", "loess.control", "pnorm",
     "predict", "quantile")
     importFrom("utils", "flush.console", "read.csv")
    to your NAMESPACE file.
Flavors: r-devel-linux-x86_64-debian-clang, r-devel-linux-x86_64-debian-gcc, r-devel-linux-x86_64-fedora-clang, r-devel-linux-x86_64-fedora-gcc, r-devel-windows-ix86+x86_64, r-devel-windows-x86_64-gcc10-UCRT, r-patched-linux-x86_64, r-patched-solaris-x86, r-release-linux-x86_64, r-release-macos-x86_64, r-release-windows-ix86+x86_64, r-oldrel-macos-x86_64, r-oldrel-windows-ix86+x86_64