CRAN Package Check Results for Package sortable

Last updated on 2021-01-22 22:48:55 CET.

Flavor Version Tinstall Tcheck Ttotal Status Flags
r-devel-linux-x86_64-debian-clang 0.4.4 4.07 50.21 54.28 OK
r-devel-linux-x86_64-debian-gcc 0.4.4 3.64 40.07 43.71 OK
r-devel-linux-x86_64-fedora-clang 0.4.4 75.21 OK
r-devel-linux-x86_64-fedora-gcc 0.4.4 65.35 OK
r-devel-windows-ix86+x86_64 0.4.4 12.00 59.00 71.00 OK
r-patched-linux-x86_64 0.4.4 4.26 49.01 53.27 OK
r-patched-solaris-x86 0.4.4 94.50 WARN
r-release-linux-x86_64 0.4.4 4.27 49.60 53.87 OK
r-release-macos-x86_64 0.4.4 WARN
r-release-windows-ix86+x86_64 0.4.4 21.00 78.00 99.00 OK
r-oldrel-macos-x86_64 0.4.4 WARN
r-oldrel-windows-ix86+x86_64 0.4.4 7.00 53.00 60.00 OK

Check Details

Version: 0.4.4
Check: re-building of vignette outputs
Result: WARN
    Error(s) in re-building vignettes:
     ...
    --- re-building ‘built_in.Rmd’ using rmarkdown
    Warning in engine$weave(file, quiet = quiet, encoding = enc) :
     Pandoc (>= 1.12.3) and/or pandoc-citeproc not available. Falling back to R Markdown v1.
    --- finished re-building ‘built_in.Rmd’
    
    --- re-building ‘cloning.Rmd’ using rmarkdown
    Warning in engine$weave(file, quiet = quiet, encoding = enc) :
     Pandoc (>= 1.12.3) and/or pandoc-citeproc not available. Falling back to R Markdown v1.
    --- finished re-building ‘cloning.Rmd’
    
    --- re-building ‘novel_solutions.Rmd’ using rmarkdown
    Warning in engine$weave(file, quiet = quiet, encoding = enc) :
     Pandoc (>= 1.12.3) and/or pandoc-citeproc not available. Falling back to R Markdown v1.
    --- finished re-building ‘novel_solutions.Rmd’
    
    --- re-building ‘understanding_sortable_js.Rmd’ using rmarkdown
    Warning in engine$weave(file, quiet = quiet, encoding = enc) :
     Pandoc (>= 1.12.3) and/or pandoc-citeproc not available. Falling back to R Markdown v1.
    PhantomJS not found. You can install it with webshot::install_phantomjs(). If it is installed, please make sure the phantomjs executable can be found via the PATH variable.
    Warning in normalizePath(f2) :
     path[1]="webshot6d7e14b81d8d.png": No such file or directory
    Warning in file(con, "rb") :
     cannot open file 'webshot6d7e14b81d8d.png': No such file or directory
    Quitting from lines 85-86 (understanding_sortable_js.Rmd)
    Error: processing vignette 'understanding_sortable_js.Rmd' failed with diagnostics:
    cannot open the connection
    --- failed re-building ‘understanding_sortable_js.Rmd’
    
    --- re-building ‘using_custom_css.Rmd’ using rmarkdown
    Warning in engine$weave(file, quiet = quiet, encoding = enc) :
     Pandoc (>= 1.12.3) and/or pandoc-citeproc not available. Falling back to R Markdown v1.
    --- finished re-building ‘using_custom_css.Rmd’
    
    SUMMARY: processing the following file failed:
     ‘understanding_sortable_js.Rmd’
    
    Error: Vignette re-building failed.
    Execution halted
Flavor: r-patched-solaris-x86

Version: 0.4.4
Check: re-building of vignette outputs
Result: WARN
    Error(s) in re-building vignettes:
    --- re-building ‘built_in.Rmd’ using rmarkdown
    Warning in engine$weave(file, quiet = quiet, encoding = enc) :
     Pandoc (>= 1.12.3) and/or pandoc-citeproc not available. Falling back to R Markdown v1.
    --- finished re-building ‘built_in.Rmd’
    
    --- re-building ‘cloning.Rmd’ using rmarkdown
    Warning in engine$weave(file, quiet = quiet, encoding = enc) :
     Pandoc (>= 1.12.3) and/or pandoc-citeproc not available. Falling back to R Markdown v1.
    --- finished re-building ‘cloning.Rmd’
    
    --- re-building ‘novel_solutions.Rmd’ using rmarkdown
    Warning in engine$weave(file, quiet = quiet, encoding = enc) :
     Pandoc (>= 1.12.3) and/or pandoc-citeproc not available. Falling back to R Markdown v1.
    --- finished re-building ‘novel_solutions.Rmd’
    
    --- re-building ‘understanding_sortable_js.Rmd’ using rmarkdown
    Warning in engine$weave(file, quiet = quiet, encoding = enc) :
     Pandoc (>= 1.12.3) and/or pandoc-citeproc not available. Falling back to R Markdown v1.
    PhantomJS not found. You can install it with webshot::install_phantomjs(). If it is installed, please make sure the phantomjs executable can be found via the PATH variable.
    Warning in normalizePath(f2) :
     path[1]="webshot1188ad8334a0.png": No such file or directory
    Warning in file(con, "rb") :
     cannot open file 'webshot1188ad8334a0.png': No such file or directory
    Quitting from lines 85-86 (understanding_sortable_js.Rmd)
    Error: processing vignette 'understanding_sortable_js.Rmd' failed with diagnostics:
    cannot open the connection
    --- failed re-building ‘understanding_sortable_js.Rmd’
    
    --- re-building ‘using_custom_css.Rmd’ using rmarkdown
    Warning in engine$weave(file, quiet = quiet, encoding = enc) :
     Pandoc (>= 1.12.3) and/or pandoc-citeproc not available. Falling back to R Markdown v1.
    --- finished re-building ‘using_custom_css.Rmd’
    
    SUMMARY: processing the following file failed:
     ‘understanding_sortable_js.Rmd’
    
    Error: Vignette re-building failed.
    Execution halted
Flavor: r-release-macos-x86_64

Version: 0.4.4
Check: re-building of vignette outputs
Result: WARN
    Error(s) in re-building vignettes:
    --- re-building ‘built_in.Rmd’ using rmarkdown
    Warning in engine$weave(file, quiet = quiet, encoding = enc) :
     Pandoc (>= 1.12.3) and/or pandoc-citeproc not available. Falling back to R Markdown v1.
    --- finished re-building ‘built_in.Rmd’
    
    --- re-building ‘cloning.Rmd’ using rmarkdown
    Warning in engine$weave(file, quiet = quiet, encoding = enc) :
     Pandoc (>= 1.12.3) and/or pandoc-citeproc not available. Falling back to R Markdown v1.
    --- finished re-building ‘cloning.Rmd’
    
    --- re-building ‘novel_solutions.Rmd’ using rmarkdown
    Warning in engine$weave(file, quiet = quiet, encoding = enc) :
     Pandoc (>= 1.12.3) and/or pandoc-citeproc not available. Falling back to R Markdown v1.
    --- finished re-building ‘novel_solutions.Rmd’
    
    --- re-building ‘understanding_sortable_js.Rmd’ using rmarkdown
    Warning in engine$weave(file, quiet = quiet, encoding = enc) :
     Pandoc (>= 1.12.3) and/or pandoc-citeproc not available. Falling back to R Markdown v1.
    PhantomJS not found. You can install it with webshot::install_phantomjs(). If it is installed, please make sure the phantomjs executable can be found via the PATH variable.
    Warning in normalizePath(f2) :
     path[1]="webshot1658776514481.png": No such file or directory
    Warning in file(con, "rb") :
     cannot open file 'webshot1658776514481.png': No such file or directory
    Quitting from lines 85-86 (understanding_sortable_js.Rmd)
    Error: processing vignette 'understanding_sortable_js.Rmd' failed with diagnostics:
    cannot open the connection
    --- failed re-building ‘understanding_sortable_js.Rmd’
    
    --- re-building ‘using_custom_css.Rmd’ using rmarkdown
    Warning in engine$weave(file, quiet = quiet, encoding = enc) :
     Pandoc (>= 1.12.3) and/or pandoc-citeproc not available. Falling back to R Markdown v1.
    --- finished re-building ‘using_custom_css.Rmd’
    
    SUMMARY: processing the following file failed:
     ‘understanding_sortable_js.Rmd’
    
    Error: Vignette re-building failed.
    Execution halted
Flavor: r-oldrel-macos-x86_64