Last updated on 2021-03-06 09:52:16 CET.
Flavor | Version | Tinstall | Tcheck | Ttotal | Status | Flags |
---|---|---|---|---|---|---|
r-devel-linux-x86_64-debian-clang | 1.0.3 | 7.40 | 240.76 | 248.16 | OK | |
r-devel-linux-x86_64-debian-gcc | 1.0.3 | 5.68 | 172.76 | 178.44 | OK | |
r-devel-linux-x86_64-fedora-clang | 1.0.3 | 291.45 | NOTE | |||
r-devel-linux-x86_64-fedora-gcc | 1.0.3 | 302.26 | NOTE | |||
r-devel-windows-ix86+x86_64 | 1.0.3 | 20.00 | 253.00 | 273.00 | OK | |
r-devel-windows-x86_64-gcc10-UCRT | 1.0.3 | ERROR | ||||
r-patched-linux-x86_64 | 1.0.3 | OK | ||||
r-release-linux-x86_64 | 1.0.3 | 6.14 | 230.78 | 236.92 | OK | |
r-release-macos-x86_64 | 1.0.3 | NOTE | ||||
r-release-windows-ix86+x86_64 | 1.0.3 | 13.00 | 217.00 | 230.00 | OK | |
r-oldrel-macos-x86_64 | 1.0.3 | NOTE | ||||
r-oldrel-windows-ix86+x86_64 | 1.0.3 | 9.00 | 205.00 | 214.00 | OK |
Version: 1.0.3
Check: package dependencies
Result: NOTE
Imports includes 23 non-default packages.
Importing from so many packages makes the package vulnerable to any of
them becoming unavailable. Move as many as possible to Suggests and
use conditionally.
Flavor: r-devel-linux-x86_64-fedora-clang
Version: 1.0.3
Check: dependencies in R code
Result: NOTE
Namespaces in Imports field not imported from:
‘Amelia’ ‘Boruta’ ‘DMwR’ ‘MVN’ ‘NoiseFiltersR’ ‘VIM’ ‘adaptiveGPCA’
‘class’ ‘clusterSim’ ‘denoiseR’ ‘discretization’ ‘imbalance’ ‘lle’
‘missForest’ ‘missMDA’ ‘outliers’ ‘unbalanced’
All declared Imports should be used.
Flavors: r-devel-linux-x86_64-fedora-clang, r-devel-linux-x86_64-fedora-gcc, r-release-macos-x86_64, r-oldrel-macos-x86_64
Version: 1.0.3
Check: package dependencies
Result: ERROR
Package required but not available: 'adaptiveGPCA'
See section 'The DESCRIPTION file' in the 'Writing R Extensions'
manual.
Flavor: r-devel-windows-x86_64-gcc10-UCRT