Last updated on 2021-02-26 09:49:32 CET.
Flavor | Version | Tinstall | Tcheck | Ttotal | Status | Flags |
---|---|---|---|---|---|---|
r-devel-linux-x86_64-debian-clang | 0.1.1 | 2.20 | 89.26 | 91.46 | OK | |
r-devel-linux-x86_64-debian-gcc | 0.1.1 | 1.71 | 70.77 | 72.48 | OK | |
r-devel-linux-x86_64-fedora-clang | 0.1.1 | 109.09 | NOTE | |||
r-devel-linux-x86_64-fedora-gcc | 0.1.1 | 102.48 | NOTE | |||
r-devel-windows-ix86+x86_64 | 0.1.1 | 4.00 | 88.00 | 92.00 | OK | |
r-patched-linux-x86_64 | 0.1.1 | 2.07 | 86.55 | 88.62 | OK | |
r-patched-solaris-x86 | 0.1.1 | 121.30 | NOTE | |||
r-release-linux-x86_64 | 0.1.1 | 2.16 | 88.17 | 90.33 | OK | |
r-release-macos-x86_64 | 0.1.1 | NOTE | ||||
r-release-windows-ix86+x86_64 | 0.1.1 | 27.00 | 78.00 | 105.00 | OK | |
r-oldrel-macos-x86_64 | 0.1.1 | NOTE | ||||
r-oldrel-windows-ix86+x86_64 | 0.1.1 | 3.00 | 86.00 | 89.00 | OK |
Version: 0.1.1
Check: data for non-ASCII characters
Result: NOTE
Note: found 2 marked Latin-1 strings
Flavors: r-devel-linux-x86_64-fedora-clang, r-devel-linux-x86_64-fedora-gcc, r-patched-solaris-x86, r-release-macos-x86_64, r-oldrel-macos-x86_64