Last updated on 2021-01-20 22:48:27 CET.
Flavor | Version | Tinstall | Tcheck | Ttotal | Status | Flags |
---|---|---|---|---|---|---|
r-devel-linux-x86_64-debian-clang | 1.4.0 | 8.91 | 93.29 | 102.20 | OK | |
r-devel-linux-x86_64-debian-gcc | 1.4.0 | 6.81 | 68.44 | 75.25 | OK | |
r-devel-linux-x86_64-fedora-clang | 1.4.0 | 125.98 | NOTE | |||
r-devel-linux-x86_64-fedora-gcc | 1.4.0 | 117.37 | NOTE | |||
r-devel-windows-ix86+x86_64 | 1.4.0 | 14.00 | 103.00 | 117.00 | OK | |
r-patched-linux-x86_64 | 1.4.0 | 9.16 | 84.95 | 94.11 | OK | |
r-patched-solaris-x86 | 1.4.0 | 164.80 | NOTE | |||
r-release-linux-x86_64 | 1.4.0 | 8.85 | 84.38 | 93.23 | OK | |
r-release-macos-x86_64 | 1.4.0 | NOTE | ||||
r-release-windows-ix86+x86_64 | 1.4.0 | 19.00 | 122.00 | 141.00 | OK | |
r-oldrel-macos-x86_64 | 1.4.0 | NOTE | ||||
r-oldrel-windows-ix86+x86_64 | 1.4.0 | 13.00 | 91.00 | 104.00 | OK |
Version: 1.4.0
Check: dependencies in R code
Result: NOTE
Namespace in Imports field not imported from: ‘maps’
All declared Imports should be used.
Flavors: r-devel-linux-x86_64-fedora-clang, r-devel-linux-x86_64-fedora-gcc, r-patched-solaris-x86, r-release-macos-x86_64, r-oldrel-macos-x86_64