Last updated on 2025-01-19 22:49:24 CET.
Flavor | Version | Tinstall | Tcheck | Ttotal | Status | Flags |
---|---|---|---|---|---|---|
r-devel-linux-x86_64-debian-clang | 1.5.1 | 145.13 | 177.64 | 322.77 | OK | |
r-devel-linux-x86_64-debian-gcc | 1.5.1 | 100.21 | 109.72 | 209.93 | OK | |
r-devel-linux-x86_64-fedora-clang | 1.5.1 | 635.06 | OK | |||
r-devel-linux-x86_64-fedora-gcc | 1.5.1 | 418.91 | OK | |||
r-devel-windows-x86_64 | 1.5.1 | 148.00 | 202.00 | 350.00 | OK | |
r-patched-linux-x86_64 | 1.5.1 | 141.89 | 167.08 | 308.97 | OK | |
r-release-linux-x86_64 | 1.5.1 | 141.02 | 163.88 | 304.90 | OK | |
r-release-macos-arm64 | 1.5.1 | 127.00 | NOTE | |||
r-release-macos-x86_64 | 1.5.1 | 320.00 | NOTE | |||
r-release-windows-x86_64 | 1.5.1 | 156.00 | 200.00 | 356.00 | OK | |
r-oldrel-macos-arm64 | 1.5.1 | 124.00 | NOTE | |||
r-oldrel-macos-x86_64 | 1.5.1 | 199.00 | NOTE | |||
r-oldrel-windows-x86_64 | 1.5.1 | 172.00 | 263.00 | 435.00 | OK |
Version: 1.5.1
Check: installed package size
Result: NOTE
installed size is 10.6Mb
sub-directories of 1Mb or more:
R 2.1Mb
extdata 1.2Mb
libs 6.6Mb
Flavors: r-release-macos-arm64, r-release-macos-x86_64, r-oldrel-macos-arm64, r-oldrel-macos-x86_64