CRAN Package Check Results for Package simPop

Last updated on 2024-02-27 21:48:39 CET.

Flavor Version Tinstall Tcheck Ttotal Status Flags
r-devel-linux-x86_64-debian-clang 2.1.3 88.58 172.32 260.90 OK
r-devel-linux-x86_64-debian-gcc 2.1.3 69.33 128.54 197.87 OK
r-devel-linux-x86_64-fedora-clang 2.1.3 361.99 OK
r-devel-linux-x86_64-fedora-gcc 2.1.3 362.37 OK
r-devel-windows-x86_64 2.1.3 74.00 174.00 248.00 OK
r-patched-linux-x86_64 2.1.3 65.28 168.26 233.54 OK
r-release-linux-x86_64 2.1.3 86.39 167.21 253.60 OK
r-release-macos-arm64 2.1.3 88.00 NOTE
r-release-macos-x86_64 2.1.3 198.00 NOTE
r-release-windows-x86_64 2.1.3 97.00 211.00 308.00 OK
r-oldrel-macos-arm64 2.1.3 82.00 NOTE
r-oldrel-windows-x86_64 2.1.3 93.00 193.00 286.00 OK

Check Details

Version: 2.1.3
Check: installed package size
Result: NOTE installed size is 5.5Mb sub-directories of 1Mb or more: data 2.0Mb libs 2.5Mb Flavors: r-release-macos-arm64, r-release-macos-x86_64, r-oldrel-macos-arm64