Last updated on 2021-01-25 22:49:18 CET.
Flavor | Version | Tinstall | Tcheck | Ttotal | Status | Flags |
---|---|---|---|---|---|---|
r-devel-linux-x86_64-debian-clang | 1.1.0 | 1.49 | 20.39 | 21.88 | OK | |
r-devel-linux-x86_64-debian-gcc | 1.1.0 | 1.48 | 16.24 | 17.72 | OK | |
r-devel-linux-x86_64-fedora-clang | 1.1.0 | 36.42 | NOTE | |||
r-devel-linux-x86_64-fedora-gcc | 1.1.0 | 26.68 | NOTE | |||
r-devel-windows-ix86+x86_64 | 1.1.0 | 5.00 | 36.00 | 41.00 | OK | |
r-patched-linux-x86_64 | 1.1.0 | 1.84 | 19.99 | 21.83 | OK | |
r-patched-solaris-x86 | 1.1.0 | 42.70 | NOTE | |||
r-release-linux-x86_64 | 1.1.0 | 1.81 | 19.94 | 21.75 | OK | |
r-release-macos-x86_64 | 1.1.0 | NOTE | ||||
r-release-windows-ix86+x86_64 | 1.1.0 | 5.00 | 26.00 | 31.00 | OK | |
r-oldrel-macos-x86_64 | 1.1.0 | NOTE | ||||
r-oldrel-windows-ix86+x86_64 | 1.1.0 | 3.00 | 32.00 | 35.00 | OK |
Version: 1.1.0
Check: dependencies in R code
Result: NOTE
Namespace in Imports field not imported from: ‘httr’
All declared Imports should be used.
Flavors: r-devel-linux-x86_64-fedora-clang, r-devel-linux-x86_64-fedora-gcc, r-patched-solaris-x86, r-release-macos-x86_64, r-oldrel-macos-x86_64