Last updated on 2021-02-26 09:49:31 CET.
Flavor | Version | Tinstall | Tcheck | Ttotal | Status | Flags |
---|---|---|---|---|---|---|
r-devel-linux-x86_64-debian-clang | 0.7 | 2.97 | 23.83 | 26.80 | NOTE | |
r-devel-linux-x86_64-debian-gcc | 0.7 | 2.26 | 18.56 | 20.82 | NOTE | |
r-devel-linux-x86_64-fedora-clang | 0.7 | 41.36 | NOTE | |||
r-devel-linux-x86_64-fedora-gcc | 0.7 | 31.43 | NOTE | |||
r-devel-windows-ix86+x86_64 | 0.7 | 6.00 | 32.00 | 38.00 | NOTE | |
r-patched-linux-x86_64 | 0.7 | 2.61 | 22.35 | 24.96 | NOTE | |
r-patched-solaris-x86 | 0.7 | 46.00 | NOTE | |||
r-release-linux-x86_64 | 0.7 | 3.03 | 22.95 | 25.98 | NOTE | |
r-release-macos-x86_64 | 0.7 | NOTE | ||||
r-release-windows-ix86+x86_64 | 0.7 | 32.00 | 37.00 | 69.00 | NOTE | |
r-oldrel-macos-x86_64 | 0.7 | NOTE | ||||
r-oldrel-windows-ix86+x86_64 | 0.7 | 10.00 | 43.00 | 53.00 | NOTE |
Version: 0.7
Check: DESCRIPTION meta-information
Result: NOTE
Malformed Description field: should contain one or more complete sentences.
Flavors: r-devel-linux-x86_64-debian-clang, r-devel-linux-x86_64-debian-gcc, r-devel-linux-x86_64-fedora-clang, r-devel-linux-x86_64-fedora-gcc, r-devel-windows-ix86+x86_64, r-patched-linux-x86_64, r-patched-solaris-x86, r-release-linux-x86_64, r-release-macos-x86_64, r-release-windows-ix86+x86_64, r-oldrel-macos-x86_64, r-oldrel-windows-ix86+x86_64
Version: 0.7
Check: dependencies in R code
Result: NOTE
'library' or 'require' call to 'foreign' which was already attached by Depends.
Please remove these calls from your code.
Flavors: r-devel-linux-x86_64-debian-clang, r-devel-linux-x86_64-debian-gcc, r-devel-linux-x86_64-fedora-clang, r-devel-linux-x86_64-fedora-gcc, r-devel-windows-ix86+x86_64, r-patched-linux-x86_64, r-patched-solaris-x86, r-release-linux-x86_64, r-release-macos-x86_64, r-release-windows-ix86+x86_64, r-oldrel-macos-x86_64, r-oldrel-windows-ix86+x86_64