Last updated on 2021-02-26 09:49:31 CET.
Flavor | Version | Tinstall | Tcheck | Ttotal | Status | Flags |
---|---|---|---|---|---|---|
r-devel-linux-x86_64-debian-clang | 1.1 | 2.30 | 22.50 | 24.80 | OK | |
r-devel-linux-x86_64-debian-gcc | 1.1 | 1.84 | 17.78 | 19.62 | OK | |
r-devel-linux-x86_64-fedora-clang | 1.1 | 40.42 | OK | |||
r-devel-linux-x86_64-fedora-gcc | 1.1 | 29.93 | OK | |||
r-devel-windows-ix86+x86_64 | 1.1 | 5.00 | 31.00 | 36.00 | OK | |
r-patched-linux-x86_64 | 1.1 | 2.23 | 21.88 | 24.11 | OK | |
r-patched-solaris-x86 | 1.1 | 43.40 | OK | |||
r-release-linux-x86_64 | 1.1 | 1.98 | 21.94 | 23.92 | OK | |
r-release-macos-x86_64 | 1.1 | OK | ||||
r-release-windows-ix86+x86_64 | 1.1 | 6.00 | 10.00 | 16.00 | ERROR | |
r-oldrel-macos-x86_64 | 1.1 | OK | ||||
r-oldrel-windows-ix86+x86_64 | 1.1 | 3.00 | 35.00 | 38.00 | OK |
Version: 1.1
Check: whether package can be installed
Result: ERROR
Installation failed.
Flavor: r-release-windows-ix86+x86_64