Last updated on 2021-01-20 09:50:00 CET.
Flavor | Version | Tinstall | Tcheck | Ttotal | Status | Flags |
---|---|---|---|---|---|---|
r-devel-linux-x86_64-debian-clang | 0.1.2 | 832.60 | 29.12 | 861.72 | OK | |
r-devel-linux-x86_64-debian-gcc | 0.1.2 | 490.54 | 23.48 | 514.02 | OK | |
r-devel-linux-x86_64-fedora-clang | 0.1.2 | 986.94 | NOTE | |||
r-devel-linux-x86_64-fedora-gcc | 0.1.2 | 955.22 | OK | |||
r-devel-windows-ix86+x86_64 | 0.1.2 | 1236.00 | 78.00 | 1314.00 | NOTE | |
r-patched-linux-x86_64 | 0.1.2 | 570.34 | 28.72 | 599.06 | OK | |
r-patched-solaris-x86 | 0.1.2 | 626.80 | OK | |||
r-release-linux-x86_64 | 0.1.2 | 564.87 | 28.87 | 593.74 | OK | |
r-release-macos-x86_64 | 0.1.2 | NOTE | ||||
r-release-windows-ix86+x86_64 | 0.1.2 | 1336.00 | 88.00 | 1424.00 | NOTE | |
r-oldrel-macos-x86_64 | 0.1.2 | NOTE | ||||
r-oldrel-windows-ix86+x86_64 | 0.1.2 | 1091.00 | 63.00 | 1154.00 | NOTE |
Version: 0.1.2
Check: installed package size
Result: NOTE
installed size is 19.4Mb
sub-directories of 1Mb or more:
libs 18.0Mb
models 1.3Mb
Flavors: r-devel-linux-x86_64-fedora-clang, r-devel-windows-ix86+x86_64, r-release-macos-x86_64, r-release-windows-ix86+x86_64, r-oldrel-macos-x86_64, r-oldrel-windows-ix86+x86_64