CRAN Package Check Results for Package sensitivity2x2xk

Last updated on 2021-04-11 10:47:46 CEST.

Flavor Version Tinstall Tcheck Ttotal Status Flags
r-devel-linux-x86_64-debian-clang 1.01 2.28 26.91 29.19 NOTE
r-devel-linux-x86_64-debian-gcc 1.01 2.16 21.49 23.65 NOTE
r-devel-linux-x86_64-fedora-clang 1.01 46.99 NOTE
r-devel-linux-x86_64-fedora-gcc 1.01 32.40 NOTE
r-devel-windows-ix86+x86_64 1.01 5.00 41.00 46.00 NOTE
r-devel-windows-x86_64-gcc10-UCRT 1.01 NOTE
r-patched-linux-x86_64 1.01 2.39 26.00 28.39 OK
r-patched-solaris-x86 1.01 54.20 OK
r-release-linux-x86_64 1.01 2.26 25.92 28.18 OK
r-release-macos-x86_64 1.01 OK
r-release-windows-ix86+x86_64 1.01 6.00 30.00 36.00 OK
r-oldrel-macos-x86_64 1.01 OK
r-oldrel-windows-ix86+x86_64 1.01 6.00 44.00 50.00 OK

Check Details

Version: 1.01
Check: LazyData
Result: NOTE
     'LazyData' is specified without a 'data' directory
Flavors: r-devel-linux-x86_64-debian-clang, r-devel-linux-x86_64-debian-gcc, r-devel-linux-x86_64-fedora-clang, r-devel-linux-x86_64-fedora-gcc, r-devel-windows-ix86+x86_64, r-devel-windows-x86_64-gcc10-UCRT